{"id":50,"date":"2018-01-29T16:35:09","date_gmt":"2018-01-29T16:35:09","guid":{"rendered":"http:\/\/baddesign-weigel.de\/?page_id=50"},"modified":"2023-02-21T11:52:52","modified_gmt":"2023-02-21T11:52:52","slug":"duschkabinen","status":"publish","type":"page","link":"https:\/\/baddesign-weigel.de\/?page_id=50","title":{"rendered":"Duschkabinen"},"content":{"rendered":"<p><span style=\"color: #3366ff;\"><strong>Duschkabinen nach Ihren W\u00fcnschen aus einer Vielzahl von M\u00f6glichkeiten, hier ein paar Beispiele:<\/strong><\/span><\/p>\n<p>F\u00fcnfeck Duschkabine von Kermi<\/p>\n<p><img loading=\"lazy\" decoding=\"async\" class=\"alignnone wp-image-231\" src=\"http:\/\/baddesign-weigel.de\/wp-content\/uploads\/2019\/01\/Bad-1-300x206.jpg\" alt=\"\" width=\"335\" height=\"230\" srcset=\"https:\/\/baddesign-weigel.de\/wp-content\/uploads\/2019\/01\/Bad-1-300x206.jpg 300w, https:\/\/baddesign-weigel.de\/wp-content\/uploads\/2019\/01\/Bad-1-768x527.jpg 768w, https:\/\/baddesign-weigel.de\/wp-content\/uploads\/2019\/01\/Bad-1-1024x702.jpg 1024w, https:\/\/baddesign-weigel.de\/wp-content\/uploads\/2019\/01\/Bad-1-1200x823.jpg 1200w\" sizes=\"auto, (max-width: 335px) 85vw, 335px\" \/><\/p>\n<p>Sonderanfertigung in Dachschr\u00e4ge: Koralle S808<\/p>\n<p><img loading=\"lazy\" decoding=\"async\" class=\"alignnone size-medium wp-image-192\" src=\"http:\/\/baddesign-weigel.de\/wp-content\/uploads\/2018\/12\/IMG-20180503-WA0016-169x300.jpg\" alt=\"\" width=\"169\" height=\"300\" srcset=\"https:\/\/baddesign-weigel.de\/wp-content\/uploads\/2018\/12\/IMG-20180503-WA0016-169x300.jpg 169w, https:\/\/baddesign-weigel.de\/wp-content\/uploads\/2018\/12\/IMG-20180503-WA0016-578x1024.jpg 578w, https:\/\/baddesign-weigel.de\/wp-content\/uploads\/2018\/12\/IMG-20180503-WA0016.jpg 722w\" sizes=\"auto, (max-width: 169px) 85vw, 169px\" \/> <img loading=\"lazy\" decoding=\"async\" class=\"alignnone size-medium wp-image-193\" src=\"http:\/\/baddesign-weigel.de\/wp-content\/uploads\/2018\/12\/IMG-20180503-WA0018-169x300.jpg\" alt=\"\" width=\"169\" height=\"300\" srcset=\"https:\/\/baddesign-weigel.de\/wp-content\/uploads\/2018\/12\/IMG-20180503-WA0018-169x300.jpg 169w, https:\/\/baddesign-weigel.de\/wp-content\/uploads\/2018\/12\/IMG-20180503-WA0018-578x1024.jpg 578w, https:\/\/baddesign-weigel.de\/wp-content\/uploads\/2018\/12\/IMG-20180503-WA0018.jpg 722w\" sizes=\"auto, (max-width: 169px) 85vw, 169px\" \/><\/p>\n<p>eine Nischent\u00fcr mit Dekor von Kermi<\/p>\n<p><img loading=\"lazy\" decoding=\"async\" class=\"alignnone size-medium wp-image-107\" src=\"http:\/\/baddesign-weigel.de\/wp-content\/uploads\/2018\/02\/IMG-20170720-WA0001-169x300.jpg\" alt=\"\" width=\"169\" height=\"300\" srcset=\"https:\/\/baddesign-weigel.de\/wp-content\/uploads\/2018\/02\/IMG-20170720-WA0001-169x300.jpg 169w, https:\/\/baddesign-weigel.de\/wp-content\/uploads\/2018\/02\/IMG-20170720-WA0001-576x1024.jpg 576w, https:\/\/baddesign-weigel.de\/wp-content\/uploads\/2018\/02\/IMG-20170720-WA0001.jpg 720w\" sizes=\"auto, (max-width: 169px) 85vw, 169px\" \/><\/p>\n<p>Kermi Eckl\u00f6sung mit verk\u00fcrzter Seitenwand auf Badewanne<\/p>\n<p><img loading=\"lazy\" decoding=\"async\" class=\"alignnone size-medium wp-image-103\" src=\"http:\/\/baddesign-weigel.de\/wp-content\/uploads\/2018\/02\/thumbnail_20160927_164125-169x300.jpg\" alt=\"\" width=\"169\" height=\"300\" srcset=\"https:\/\/baddesign-weigel.de\/wp-content\/uploads\/2018\/02\/thumbnail_20160927_164125-169x300.jpg 169w, https:\/\/baddesign-weigel.de\/wp-content\/uploads\/2018\/02\/thumbnail_20160927_164125-576x1024.jpg 576w, https:\/\/baddesign-weigel.de\/wp-content\/uploads\/2018\/02\/thumbnail_20160927_164125.jpg 720w\" sizes=\"auto, (max-width: 169px) 85vw, 169px\" \/> <img loading=\"lazy\" decoding=\"async\" class=\"alignnone size-medium wp-image-104\" src=\"http:\/\/baddesign-weigel.de\/wp-content\/uploads\/2018\/02\/thumbnail_20160927_164131-169x300.jpg\" alt=\"\" width=\"169\" height=\"300\" srcset=\"https:\/\/baddesign-weigel.de\/wp-content\/uploads\/2018\/02\/thumbnail_20160927_164131-169x300.jpg 169w, https:\/\/baddesign-weigel.de\/wp-content\/uploads\/2018\/02\/thumbnail_20160927_164131-576x1024.jpg 576w, https:\/\/baddesign-weigel.de\/wp-content\/uploads\/2018\/02\/thumbnail_20160927_164131.jpg 720w\" sizes=\"auto, (max-width: 169px) 85vw, 169px\" \/><\/p>\n<p>Halbkreisduschkabine<\/p>\n<p><img loading=\"lazy\" decoding=\"async\" class=\"alignnone size-medium wp-image-101\" src=\"http:\/\/baddesign-weigel.de\/wp-content\/uploads\/2018\/02\/Halbkreisdusche-169x300.jpg\" alt=\"\" width=\"169\" height=\"300\" srcset=\"https:\/\/baddesign-weigel.de\/wp-content\/uploads\/2018\/02\/Halbkreisdusche-169x300.jpg 169w, https:\/\/baddesign-weigel.de\/wp-content\/uploads\/2018\/02\/Halbkreisdusche-576x1024.jpg 576w, https:\/\/baddesign-weigel.de\/wp-content\/uploads\/2018\/02\/Halbkreisdusche.jpg 747w\" sizes=\"auto, (max-width: 169px) 85vw, 169px\" \/><\/p>\n<p>Kermi Walk In &#8211; Spiegelglas 1400 mm breit x 2000 mm hoch<\/p>\n<p><img loading=\"lazy\" decoding=\"async\" class=\"alignleft wp-image-99 size-medium\" src=\"http:\/\/baddesign-weigel.de\/wp-content\/uploads\/2018\/02\/Kom.-Weisser-169x300.jpg\" alt=\"\" width=\"169\" height=\"300\" srcset=\"https:\/\/baddesign-weigel.de\/wp-content\/uploads\/2018\/02\/Kom.-Weisser-169x300.jpg 169w, https:\/\/baddesign-weigel.de\/wp-content\/uploads\/2018\/02\/Kom.-Weisser-576x1024.jpg 576w, https:\/\/baddesign-weigel.de\/wp-content\/uploads\/2018\/02\/Kom.-Weisser.jpg 747w\" sizes=\"auto, (max-width: 169px) 85vw, 169px\" \/><\/p>\n<p>Kermi Eckl\u00f6sung mit schwarzen Profil<\/p>\n<p><img loading=\"lazy\" decoding=\"async\" class=\"size-medium wp-image-338 alignleft\" src=\"https:\/\/baddesign-weigel.de\/wp-content\/uploads\/2021\/09\/IMG-20210817-WA0006-225x300.jpg\" alt=\"\" width=\"225\" height=\"300\" srcset=\"https:\/\/baddesign-weigel.de\/wp-content\/uploads\/2021\/09\/IMG-20210817-WA0006-225x300.jpg 225w, https:\/\/baddesign-weigel.de\/wp-content\/uploads\/2021\/09\/IMG-20210817-WA0006-768x1024.jpg 768w, https:\/\/baddesign-weigel.de\/wp-content\/uploads\/2021\/09\/IMG-20210817-WA0006-1152x1536.jpg 1152w, https:\/\/baddesign-weigel.de\/wp-content\/uploads\/2021\/09\/IMG-20210817-WA0006.jpg 1200w\" sizes=\"auto, (max-width: 225px) 85vw, 225px\" \/><\/p>\n<p>Kermi Walk In mit verschiedenen Dekoren<\/p>\n<p><img loading=\"lazy\" decoding=\"async\" class=\"alignnone size-medium wp-image-349\" src=\"https:\/\/baddesign-weigel.de\/wp-content\/uploads\/2021\/09\/IMG-20210902-WA0011-225x300.jpg\" alt=\"\" width=\"225\" height=\"300\" srcset=\"https:\/\/baddesign-weigel.de\/wp-content\/uploads\/2021\/09\/IMG-20210902-WA0011-225x300.jpg 225w, https:\/\/baddesign-weigel.de\/wp-content\/uploads\/2021\/09\/IMG-20210902-WA0011-768x1024.jpg 768w, https:\/\/baddesign-weigel.de\/wp-content\/uploads\/2021\/09\/IMG-20210902-WA0011-1152x1536.jpg 1152w, https:\/\/baddesign-weigel.de\/wp-content\/uploads\/2021\/09\/IMG-20210902-WA0011.jpg 1200w\" sizes=\"auto, (max-width: 225px) 85vw, 225px\" \/>&nbsp; &nbsp; &nbsp; &nbsp; &nbsp; &nbsp; &nbsp; &nbsp; &nbsp; &nbsp; &nbsp; &nbsp; &nbsp; &nbsp; &nbsp; &nbsp; &nbsp; &nbsp; &nbsp; &nbsp; &nbsp; &nbsp; &nbsp; &nbsp; &nbsp; &nbsp; &nbsp; &nbsp; &nbsp; &nbsp; &nbsp; &nbsp;<img loading=\"lazy\" decoding=\"async\" class=\"size-medium wp-image-350 alignright\" src=\"https:\/\/baddesign-weigel.de\/wp-content\/uploads\/2021\/09\/IMG-20210902-WA0009-1-225x300.jpg\" alt=\"\" width=\"225\" height=\"300\" srcset=\"https:\/\/baddesign-weigel.de\/wp-content\/uploads\/2021\/09\/IMG-20210902-WA0009-1-225x300.jpg 225w, https:\/\/baddesign-weigel.de\/wp-content\/uploads\/2021\/09\/IMG-20210902-WA0009-1-768x1024.jpg 768w, https:\/\/baddesign-weigel.de\/wp-content\/uploads\/2021\/09\/IMG-20210902-WA0009-1-1152x1536.jpg 1152w, https:\/\/baddesign-weigel.de\/wp-content\/uploads\/2021\/09\/IMG-20210902-WA0009-1.jpg 1200w\" sizes=\"auto, (max-width: 225px) 85vw, 225px\" \/><\/p>\n\n\n<figure class=\"wp-block-image size-full is-resized\"><img loading=\"lazy\" decoding=\"async\" src=\"https:\/\/baddesign-weigel.de\/wp-content\/uploads\/2023\/02\/Mini-Walk-In-2.jpg\" alt=\"\" class=\"wp-image-416\" width=\"429\" height=\"572\" srcset=\"https:\/\/baddesign-weigel.de\/wp-content\/uploads\/2023\/02\/Mini-Walk-In-2.jpg 720w, https:\/\/baddesign-weigel.de\/wp-content\/uploads\/2023\/02\/Mini-Walk-In-2-225x300.jpg 225w\" sizes=\"auto, (max-width: 429px) 85vw, 429px\" \/><figcaption>Kermi Walk In als Sichtschutz am WC<\/figcaption><\/figure>\n","protected":false},"excerpt":{"rendered":"<p>Duschkabinen nach Ihren W\u00fcnschen aus einer Vielzahl von M\u00f6glichkeiten, hier ein paar Beispiele: F\u00fcnfeck Duschkabine von Kermi Sonderanfertigung in Dachschr\u00e4ge: Koralle S808 eine Nischent\u00fcr mit Dekor von Kermi Kermi Eckl\u00f6sung mit verk\u00fcrzter Seitenwand auf Badewanne Halbkreisduschkabine Kermi Walk In &#8211; Spiegelglas 1400 mm breit x 2000 mm hoch Kermi Eckl\u00f6sung mit schwarzen Profil Kermi Walk &hellip; <a href=\"https:\/\/baddesign-weigel.de\/?page_id=50\" class=\"more-link\"><span class=\"screen-reader-text\">\u201eDuschkabinen\u201c<\/span> weiterlesen<\/a><\/p>\n","protected":false},"author":1,"featured_media":0,"parent":45,"menu_order":1,"comment_status":"closed","ping_status":"closed","template":"","meta":{"footnotes":""},"class_list":["post-50","page","type-page","status-publish","hentry"],"_links":{"self":[{"href":"https:\/\/baddesign-weigel.de\/index.php?rest_route=\/wp\/v2\/pages\/50","targetHints":{"allow":["GET"]}}],"collection":[{"href":"https:\/\/baddesign-weigel.de\/index.php?rest_route=\/wp\/v2\/pages"}],"about":[{"href":"https:\/\/baddesign-weigel.de\/index.php?rest_route=\/wp\/v2\/types\/page"}],"author":[{"embeddable":true,"href":"https:\/\/baddesign-weigel.de\/index.php?rest_route=\/wp\/v2\/users\/1"}],"replies":[{"embeddable":true,"href":"https:\/\/baddesign-weigel.de\/index.php?rest_route=%2Fwp%2Fv2%2Fcomments&post=50"}],"version-history":[{"count":25,"href":"https:\/\/baddesign-weigel.de\/index.php?rest_route=\/wp\/v2\/pages\/50\/revisions"}],"predecessor-version":[{"id":417,"href":"https:\/\/baddesign-weigel.de\/index.php?rest_route=\/wp\/v2\/pages\/50\/revisions\/417"}],"up":[{"embeddable":true,"href":"https:\/\/baddesign-weigel.de\/index.php?rest_route=\/wp\/v2\/pages\/45"}],"wp:attachment":[{"href":"https:\/\/baddesign-weigel.de\/index.php?rest_route=%2Fwp%2Fv2%2Fmedia&parent=50"}],"curies":[{"name":"wp","href":"https:\/\/api.w.org\/{rel}","templated":true}]}}